e prime factors of 6501831?
3, 7, 191, 1621
List the prime factors of 470839.
19, 24781
List the prime factors of 36445980.
2, 3, 5, 53, 73, 157
What are the prime factors of 324569?
7, 199, 233
What are the prime factors of 643383?
3, 13, 47
What are the prime factors of 10327957?
101, 293, 349
What are the prime factors of 324174?
2, 3, 97, 557
List the prime factors of 184518.
2, 3, 17, 67
What are the prime factors of 1722519?
3, 131, 487
What are the prime factors of 10396900?
2, 5, 103969
List the prime factors of 1025093.
1025093
What are the prime factors of 365295?
3, 5, 7, 71
What are the prime factors of 220644?
2, 3, 227
List the prime factors of 160672.
2, 5021
What are the prime factors of 32336?
2, 43, 47
What are the prime factors of 3368970?
2, 3, 5, 11, 41, 83
What are the prime factors of 739129?
109, 6781
What are the prime factors of 67028?
2, 13, 1289
List the prime factors of 832149.
3, 92461
List the prime factors of 6508604.
2, 131, 12421
What are the prime factors of 1680923?
661, 2543
What are the prime factors of 177667?
7, 17, 1493
What are the prime factors of 7964422?
2, 139, 28649
List the prime factors of 86514.
2, 3, 14419
List the prime factors of 74014.
2, 23, 1609
List the prime factors of 2674891.
307, 8713
List the prime factors of 5108530.
2, 5, 7, 19, 23, 167
What are the prime factors of 227032?
2, 13, 37, 59
List the prime factors of 1828651.
11, 37, 4493
What are the prime factors of 28186?
2, 17, 829
What are the prime factors of 315588?
2, 3, 7, 13, 17
List the prime factors of 145567.
23, 6329
List the prime factors of 274809.
3, 47, 1949
List the prime factors of 3476925.
3, 5, 17, 101
List the prime factors of 8538668.
2, 271, 7877
What are the prime factors of 24381384?
2, 3, 1015891
What are the prime factors of 338482?
2, 169241
What are the prime factors of 134161?
134161
List the prime factors of 570759.
3, 7, 27179
List the prime factors of 1577727.
3, 175303
What are the prime factors of 170314?
2, 31, 41, 67
What are the prime factors of 71504?
2, 41, 109
What are the prime factors of 1763668?
2, 271, 1627
What are the prime factors of 184962?
2, 3, 29, 1063
What are the prime factors of 1513392?
2, 3, 41, 769
List the prime factors of 815155.
5, 11, 14821
What are the prime factors of 913341?
3, 11, 13, 2129
What are the prime factors of 358116?
2, 3, 11, 2713
What are the prime factors of 99717?
3, 43, 773
List the prime factors of 92711.
83, 1117
List the prime factors of 6302451.
3, 157, 13381
List the prime factors of 3950971.
37, 106783
What are the prime factors of 630903?
3, 7, 13, 2311
What are the prime factors of 19668411?
3, 7, 312197
What are the prime factors of 15000557?
11, 13, 19, 5521
What are the prime factors of 251129?
107, 2347
What are the prime factors of 196477?
196477
List the prime factors of 10516278.
2, 3, 59, 61, 487
List the prime factors of 9259548.
2, 3, 771629
What are the prime factors of 749911?
19, 29, 1361
List the prime factors of 3209067.
3, 356563
What are the prime factors of 149324?
2, 7, 5333
List the prime factors of 27590864.
2, 7, 17, 43, 337
What are the prime factors of 576666?
2, 3, 59, 181
What are the prime factors of 983204?
2, 23, 10687
List the prime factors of 7756575.
3, 5, 103421
List the prime factors of 352145.
5, 70429
What are the prime factors of 2119173?
3, 7, 100913
List the prime factors of 5667242.
2, 7, 57829
List the prime factors of 3472265.
5, 37, 137
List the prime factors of 335633.
335633
List the prime factors of 1204786.
2, 11, 23, 2381
What are the prime factors of 34853921?
34853921
What are the prime factors of 2005261?
2005261
What are the prime factors of 675691?
109, 6199
What are the prime factors of 2295226?
2, 1147613
What are the prime factors of 22710367?
79, 103, 2791
What are the prime factors of 686636?
2, 171659
List the prime factors of 375065.
5, 75013
List the prime factors of 5153933.
131, 39343
What are the prime factors of 2579490?
2, 3, 5, 28661
What are the prime factors of 8022342?
2, 3, 1337057
What are the prime factors of 1841157?
3, 19, 37, 97
What are the prime factors of 143851?
97, 1483
List the prime factors of 5606537.
5606537
What are the prime factors of 15131080?
2, 5, 378277
What are the prime factors of 328143?
3, 89, 1229
What are the prime factors of 5596529?
5596529
List the prime factors of 1271922.
2, 3, 59, 3593
What are the prime factors of 479222?
2, 239611
List the prime factors of 3984347.
3984347
List the prime factors of 4308001.
4308001
List the prime factors of 70135.
5, 13, 83
List the prime factors of 964692.
2, 3, 127, 211
What are the prime factors of 442689?
3, 13, 11351
What are the prime factors of 1076520?
2, 3, 5, 8971
List the prime factors of 89465.
5, 29, 617
What are the prime factors of 31734?
2, 3, 41, 43
What are the prime factors of 3794866?
2, 571, 3323
What are the prime factors of 1420782?
2, 3, 11, 19, 103
What are the prime factors of 434195?
5, 37, 2347
List the prime factors of 158140.
2, 5, 7907
What are the prime factors of 494809?
7, 70687
List the prime factors of 693160.
2, 5, 13, 31, 43
List the prime factors of 135646.
2, 7, 9689
List the prime factors of 1197233.
541, 2213
List the prime factors of 884952.
2, 3, 17, 241
List the prime factors of 559623.
3, 17, 10973
List the prime factors of 1026140.
2, 5, 51307
List the prime factors of 9126808.
2, 1140851
List the prime factors of 600506.
2, 211, 1423
List the prime factors of 4029187.
17, 237011
What are the prime factors of 2968478?
2, 1009, 1471
What are the prime factors of 208848?
2, 3, 19, 229
List the prime factors of 37170.
2, 3, 5, 7, 59
What are the prime factors of 1400797?
31, 73, 619
List the prime factors of 6076313.
557, 10909
What are the prime factors of 1755443?
1755443
List the prime factors of 8227821.
3, 7, 391801
List the prime factors of 485653.
7, 69379
What are the prime factors of 131198?
2, 65599
List the prime factors of 3408435.
3, 5, 75743
What are the prime factors of 2243185?
5, 7, 64091
List the prime factors of 11398432.
2, 17, 23, 911
What are the prime factors of 3162790?
2, 5, 359, 881
List the prime factors of 42188.
2, 53, 199
What are the prime factors of 270690?
2, 3, 5, 7, 1289
List the prime factors of 6508887.
3, 7, 11, 19, 1483
What are the prime factors of 421330?
2, 5, 7, 13, 463
List the prime factors of 4715399.
13, 362723
What are the prime factors of 1121948?
2, 280487
List the prime factors of 1195710.
2, 3, 5, 39857
List the prime factors of 2447533.
11, 101, 2203
What are the prime factors of 10874652?
2, 3, 29, 31249
What are the prime factors of 17638013?
17638013
What are the prime factors of 113637?
3, 37879
List the prime factors of 4012501.
563, 7127
What are the prime factors of 506779?
7, 13, 5569
List the prime factors of 1275188.
2, 29, 10993
List the prime factors of 1492545.
3, 5, 19, 5237
What are the prime factors of 14483104?
2, 452597
What are the prime factors of 1840298?
2, 920149
List the prime factors of 863578.
2, 47, 9187
What are the prime factors of 8719298?
2, 7, 587, 1061
List the prime factors of 14749017.
3, 83, 59233
What are the prime factors of 3123238?
2, 197, 7927
List the prime factors of 192876.
2, 3, 16073
List the prime factors of 1143418.
2, 571709
What are the prime factors of 722813?
7, 13, 47
List the prime factors of 356874.
2, 3, 7, 29, 293
What are the prime factors of 709746?
2, 3, 29, 4079
List the prime factors of 15278148.
2, 3, 397, 1069
List the prime factors of 2011541.
7, 67, 4289
What are the prime factors of 455673?
3, 193, 787
List the prime factors of 1345775.
5, 53831
List the prime factors of 120080.
2, 5, 19, 79
What are the prime factors of 21380351?
3449, 6199
What are the prime factors of 1728339?
3, 17, 33889
List the prime factors of 461993.
7, 31, 2129
List the prime factors of 237735.
3, 5, 587
List the prime factors of 1897372.
2, 474343
What are the prime factors of 310918?
2, 83, 1873
List the prime factors of 1999.
1999
What are the prime factors of 706816?
2, 11, 251
What are the prime factors of 168455?
5, 7, 4813
What are the prime factors of 36554?
2, 7, 373
List the prime factors of 148180.
2, 5, 31, 239
List the prime factors of 2640671.
11, 67, 